**3/3 + 7*p**2/2 - 3. Suppose -3*v - 30 = f - 5, 3*f + 12 = 0. What are the prime factors of z(v)?
3, 7
What are the prime factors of -9 - (-1236)/7*(-945)/(-30)?
3, 617
List the prime factors of (-374)/(-77)*3563 - 19.
59, 293
Let p(q) = 1617*q**2 + 17*q. What are the prime factors of p(-2)?
2, 3217
Let s be 30/8 + 15/(-20). Suppose 15 = s*a, -4*j = -2*a + 25 + 1. List the prime factors of 7259/187 - j/22.
3, 13
Let o(k) = 19*k**3 + 37*k**2 - 235*k + 31. List the prime factors of o(13).
2, 11243
Let b(r) = r**3 - 5*r**2 + 12*r - 27. Let t be b(4). Suppose -254 = -q + 5*o, -t*q + 88 = -o - 1182. What are the prime factors of q?
2, 127
Let b = 6430 + -6430. Suppose o = -2 + 1. List the prime factors of (1 + o - -80) + b.
2, 5
Let a = -459 + 937. Let h = 25 - a. Let m = -264 - h. What are the prime factors of m?
3, 7
Suppose -2*i = q - 1776, 8*i + 5*q + 3566 = 12*i. Suppose 2*l - i = -5*u - 245, -2*u - 966 = -3*l. What are the prime factors of l?
2, 7, 23
Suppose -29*j = -2*j - 30051. What are the prime factors of j?
3, 7, 53
Let m(q) = q**3 - 3*q**2 - 12*q + 11. Let i be m(8). Suppose -i = -5*z + 215. Let r = -52 + z. List the prime factors of r.
2, 19
Let l be ((-15)/(-30))/((-1)/(-4)). Suppose 4 = 5*x - l*u - 7, 3*x = -5*u - 12. What are the prime factors of 286/22 + -2 + x?
2, 3
Let p = 51831 + -17876. What are the prime factors of p?
5, 6791
List the prime factors of (-21)/294 + (-573933)/(-42).
3, 5, 911
Suppose 0 = -74*d + 75*d - 4*f - 28015, f = 5*d - 139942. List the prime factors of d.
3, 19, 491
What are the prime factors of ((-12)/(-72)*-20 - 10/6)*-1685?
5, 337
Let s(y) = y**3 - 15*y**2 - 77*y + 229. List the prime factors of s(27).
2, 3449
Let x(q) be the first derivative of -q**3/3 + 14*q**2 - 42*q + 32. Let g be x(18). Suppose -40 = -2*a + 5*d, 5*a - 2*d - 4 = g. What are the prime factors of a?
2, 3, 5
Let h(a) = 1601*a**2 - 96*a - 219. What are the prime factors of h(-4)?
7, 29, 127
Suppose -3*v = 2*j - 13937 - 25405, 5*j - 4*v = 98447. List the prime factors of j.
3
Let d = 10816 + -8469. List the prime factors of d.
2347
What are the prime factors of (1*((-96)/24)/((-2)/8059))/1?
2, 8059
Suppose -114*x = -111*x + 2340. List the prime factors of ((-24)/10)/(18/x).
2, 13
Let j = 74 + -65. Let i be (-1)/((-4)/9)*12/j. Suppose 2*y - 3*y + 5*k + 51 = 0, -i*y + 127 = -2*k. What are the prime factors of y?
41
What are the prime factors of 3/(-2) + 1705839/114?
2, 7481
Suppose h - 13343 = 4*y, -h + 2*y + 5829 + 7502 = 0. What are the prime factors of h?
19, 701
Suppose 0*p - 2*p + 20 = 0. Let v(m) = -2*m**2 - 26*m - 35. Let u be v(-11). Suppose p*h - u*h = 91. List the prime factors of h.
7, 13
Suppose 377*u - 379*u = -o - 11796, -3*o + 5898 = u. What are the prime factors of u?
2, 3, 983
Let h = -43027 - -80565. List the prime factors of h.
2, 137
Let n be (-1)/((-9)/6 + 1). Let q be 405/(-54)*2/(-6)*n. Suppose 5*t - 92 + 357 = 5*f, 2*f = q*t + 118. List the prime factors of f.
7
Let f(m) = 2*m**2 + 29*m - 23. Let d be f(-16). Let j = d + 1256. What are the prime factors of j?
3, 7, 61
Let x = 6673 + -4482. What are the prime factors of x?
7, 313
Let j = 11196 + -6813. List the prime factors of j.
3, 487
Let l(n) = 28458*n**3 - n**2 - 516*n + 516. List the prime factors of l(1).
11, 13, 199
Let p = 7527 - 3355. Suppose q - 4*s - 4136 = -3*q, -4*q - 5*s = -p. What are the prime factors of q?
2, 3, 173
Let u(q) = -2*q**2 + 9*q - 7. Suppose 5*s - 18 = -p, -2*s = p + 3*p. Let y be u(s). What are the prime factors of (-500)/y - 6/9?
2, 83
Let q(u) = 46*u**2 - u - 1222. List the prime factors of q(41).
13, 5851
Suppose 0*c = -3*a - 3*c + 12, 2*a + c = 6. Let b = 5 - 1. Suppose -2*p + 35 = d, -d + 135 = a*d - b*p. List the prime factors of d.
41
Let z(v) = 10*v**2 - 2*v - 9. Let o be z(5). Suppose 4*p = 763 - o. Suppose -p = -y + 142. What are the prime factors of y?
5, 11
Let s be (-38)/19 - (-859 - 1). Let i = s + -584. List the prime factors of i.
2, 137
Let u be ((-3)/(-1))/(18/12). Let d(p) = 12*p - 6*p**u - 8 + 14*p**2 - 9*p**2. List the prime factors of d(6).
2, 7
Let v = 219 + -142. Let k = v + -84. List the prime factors of (-654)/(-21) + 1*1/k.
31
Suppose 0 = -3*f - 10 + 28. List the prime factors of (10/f)/((-8)/(-696)) + 1.
2, 73
What are the prime factors of (-8)/6 + 2 + (-1103872)/(-84)?
2, 6571
Let p(f) = f**3 - 7*f**2 - 20*f - 2. Let x be p(9). Let d(g) = g**3 + 21*g**2 + 8*g + 7. List the prime factors of d(x).
13, 19
What are the prime factors of (-1 + (-30)/(-6))*84?
2, 3, 7
Let l(j) = -31*j**3 - 36*j**2 + 9*j + 54. What are the prime factors of l(-7)?
2, 5, 443
Let r = 9670 + -518. List the prime factors of r.
2, 11, 13
Suppose -2*w - 28 = -6*w + 4*i, -30 = -2*w - 2*i. Suppose -w*b + 3498 = -924. List the prime factors of b.
2, 3, 67
Suppose 4*f + 8 + 16 = 4*o, -f + 4*o + 3 = 0. Let h be (618/(-10))/(f/(-5) - 2). Let g = h + -173. List the prime factors of g.
2, 17
Let w = -585 + 588. Let z = 158 - -28. Suppose 2*y = -t + 3*y + 72, -w*t + z = 3*y. List the prime factors of t.
67
Let k(a) = -a**2 - 21*a + 1. Let h be k(-21). Let y be (h - -3 - (-6)/(-3)) + -3. What are the prime factors of ((-5)/(30/288))/y?
2, 3
Let n(y) = -129*y**3 + 9*y**2 + 31*y + 174. What are the prime factors of n(-6)?
2, 3, 587
Let c(m) = 202*m**2 + 155*m + 1486. What are the prime factors of c(-11)?
24223
Let h(r) be the second derivative of 2*r**4/3 - 2*r**3/3 - 223*r**2/2 + r - 37. List the prime factors of h(16).
3, 587
Let j(q) = 229*q + 57. Let a be j(3). Let y = a + -525. What are the prime factors of y?
3, 73
Let k be (-1778)/(-49) + (2/(-7))/1. Let n be ((-24)/k)/((-4)/354). Let p = n - 26. List the prime factors of p.
3, 11
Let p = 32489 + -21050. What are the prime factors of p?
3, 31, 41
Let n(b) = 42*b**3 - 10*b**2 + 11*b - 55. List the prime factors of n(5).
2, 5
Let n(y) = -y**3 - 8*y**2 - 5*y + 13. Let o be n(-7). List the prime factors of (-4 + o - -99)*(-32)/(-2).
2, 47
Suppose r - 25390 - 2072 = 3*d, 25 = -5*d. List the prime factors of r.
3, 7, 1307
Suppose 5*l = -0*l + 15, 3*o + 2*l = 21. Suppose 5*y = -5*t + 1320, -t = -o*t + 2*y + 1032. What are the prime factors of t?
2, 5, 13
Let f be 18/24*(0 + 4). Suppose f*z = -5*k + 30, -5*z - 7*k + 50 = -2*k. Suppose 144 = 12*r - z*r. What are the prime factors of r?
2, 3
Let b = 123 - 123. Suppose 87*h - 81*h + 60 = b. Let z = h + 141. What are the prime factors of z?
131
Suppose 5*w + 25 = h, 0 = 5*w - w + 20. Suppose 5*m + h*m = 3*y - 546, y + 5*m - 202 = 0. Suppose -y - 153 = -10*o. List the prime factors of o.
2, 17
Let s(d) = -1790*d + 800. What are the prime factors of s(-4)?
2, 5, 199
Let k = 41 - 38. Suppose -k*x + 26 = 5. Suppose 592 = d + x*d. What are the prime factors of d?
2, 37
Let s(m) = 3*m + 15. Let o be s(-7). List the prime factors of 16/(-3)*((-90)/20 + o).
2, 7
Let d be 4*(0 + 5/(-10)). What are the prime factors of (-16)/(-14)*(-133)/d?
2, 19
Let a(u) = 16*u**2 + 1 + 1 + u**3 - 13*u**2 - 5*u. Let i be a(-4). Let r = 4 + i. What are the prime factors of r?
2, 5
List the prime factors of (-11141)/(-1) + (0 - 7).
2, 19, 293
Suppose 0 = -9*d + 5*d + h + 66, 4*d - 74 = 5*h. Suppose -d*g + 14356 + 12 = 0. List the prime factors of g.
2, 449
Suppose -5*v - 4*x = -0*v + 273, 0 = 4*v + 5*x + 222. List the prime factors of (-22)/((-210)/v + -4).
11, 53
Suppose -5*r - 17 = -4*j, -j + 4*r = 2*j - 13. Suppose 7*f - 503 = -5*o + 8*f, 3*o - 297 = j*f. What are the prime factors of o?
101
Suppose -309*t + 312*t = -36. Let k(n) = 4*n**2 - 4*n + 5. List the prime factors of k(t).
17, 37
Let p be (1*-5)/((-135)/54). Suppose -5*t = 2*f + 10 - 2055, 3*f = p*t + 3039. List the prime factors of f.
5, 7, 29
Suppose -10*n + 5*n - 7187 = -w, 21543 = 3*w + 3*n. List the prime factors of w.
2, 3, 7, 19
Suppose -30 = k - 27. List the prime factors of (1641 + -1)/8 + k.
2, 101
Suppose 3414*n = 3437*n - 277380. List the prime factors of n.
2, 3, 5, 67
Let u(a) = a**2 + 12*a - 33. Let m be u(-14). What are the prime factors of (8/m)/((-4)/(-10)) + 55?
3, 17
Let h(s) = s**2 + 7*s + 3. Let a be h(-7). Let t be (a - 3)/(2 - 1). What are the prime factors of -4 + (0 + t - -59)?
5, 11
Let m be ((-8497)/(-87))/((-2)/(-18)). Let f = -606 + m. What are the prime factors of f?
3, 7, 13
Let v = -1